{"id":1374,"date":"2021-06-03T18:08:58","date_gmt":"2021-06-03T16:08:58","guid":{"rendered":"http:\/\/unfestivalavillereal.org\/?page_id=1374"},"modified":"2021-06-21T22:15:49","modified_gmt":"2021-06-21T20:15:49","slug":"uncle-joe","status":"publish","type":"page","link":"https:\/\/unfestivalavillereal.org\/index.php\/uncle-joe\/","title":{"rendered":"Uncle Joe"},"content":{"rendered":"\n<p>Guitariste <strong>Beno\u00eet Roudel<\/strong><br>Percussionniste et chanteur <strong>L\u00e9o Bernard<\/strong><br>Saxophoniste <strong>Vincent Desplantez<\/strong><\/p>\n\n\n\n<p>Le trio Uncle Joe interpr\u00e8te des standards folks Jama\u00efcains et Trinidadiens et nous font d\u00e9couvrir le mento, anc\u00eatre du ska et du reggae et le calypso, l\u2019\u00e2me de ces \u00eeles.<\/p>\n\n\n\n<p><a href=\"http:\/\/www.unclejoemento.com\/\">http:\/\/www.unclejoemento.com\/<\/a><\/p>\n\n\n\n<p><strong>Le 2 juillet \u00e0 20h<\/strong> \/ gratuit<\/p>\n","protected":false},"excerpt":{"rendered":"<p>Guitariste Beno\u00eet RoudelPercussionniste et chanteur L\u00e9o BernardSaxophoniste Vincent Desplantez Le trio Uncle Joe interpr\u00e8te des standards folks Jama\u00efcains et Trinidadiens et nous font d\u00e9couvrir le mento, anc\u00eatre du ska et du reggae et le calypso, l\u2019\u00e2me de ces \u00eeles. http:\/\/www.unclejoemento.com\/ Le 2 juillet \u00e0 20h \/ gratuit<\/p>\n","protected":false},"author":1,"featured_media":0,"parent":0,"menu_order":0,"comment_status":"closed","ping_status":"closed","template":"","meta":[],"_links":{"self":[{"href":"https:\/\/unfestivalavillereal.org\/index.php\/wp-json\/wp\/v2\/pages\/1374"}],"collection":[{"href":"https:\/\/unfestivalavillereal.org\/index.php\/wp-json\/wp\/v2\/pages"}],"about":[{"href":"https:\/\/unfestivalavillereal.org\/index.php\/wp-json\/wp\/v2\/types\/page"}],"author":[{"embeddable":true,"href":"https:\/\/unfestivalavillereal.org\/index.php\/wp-json\/wp\/v2\/users\/1"}],"replies":[{"embeddable":true,"href":"https:\/\/unfestivalavillereal.org\/index.php\/wp-json\/wp\/v2\/comments?post=1374"}],"version-history":[{"count":2,"href":"https:\/\/unfestivalavillereal.org\/index.php\/wp-json\/wp\/v2\/pages\/1374\/revisions"}],"predecessor-version":[{"id":1423,"href":"https:\/\/unfestivalavillereal.org\/index.php\/wp-json\/wp\/v2\/pages\/1374\/revisions\/1423"}],"wp:attachment":[{"href":"https:\/\/unfestivalavillereal.org\/index.php\/wp-json\/wp\/v2\/media?parent=1374"}],"curies":[{"name":"wp","href":"https:\/\/api.w.org\/{rel}","templated":true}]}}