{"id":1670,"date":"2022-06-20T17:44:45","date_gmt":"2022-06-20T15:44:45","guid":{"rendered":"https:\/\/unfestivalavillereal.org\/?page_id=1670"},"modified":"2022-10-05T16:57:38","modified_gmt":"2022-10-05T14:57:38","slug":"mad-monde-a-defendre","status":"publish","type":"page","link":"https:\/\/unfestivalavillereal.org\/index.php\/mad-monde-a-defendre\/","title":{"rendered":"MAD (Monde \u00e0 d\u00e9fendre)"},"content":{"rendered":"\n<p>De <strong>Jos\u00e9phine Serre<\/strong>&nbsp;<br>avec <strong>Camille Durand-Tovar<\/strong>,&nbsp;<strong>Xavier Czapla<\/strong> et <strong>Jos\u00e9phine Serre<\/strong><\/p>\n\n\n\n<p>Ce spectacle en cours de cr\u00e9ation s\u2019enfonce dans les for\u00eats et raconte les m\u00e9tamorphoses que celles-ci permettent : des volte-face, des r\u00e9v\u00e9lations tant \u00e0 l\u2019\u00e9chelle intime que collective. C\u2019est l\u00e0 le point commun (insoup\u00e7onnable au premier abord !) entre R\u00e9mi F. l\u2019\u00e9tudiant en botanique, Neil Armstrong, Walden le grand chien noir, le ch\u0153ur des arbres, un agent de l\u2019ONF, un gendarme mobile intervenant en ZAD, Macbeth, Nicolas Sarkozy, et peut-\u00eatre aussi Perceval, Descartes, des sorci\u00e8res et un Homo Neandertalensis. Sous la forme d\u2019un tirage au sort, venez d\u00e9couvrir les mat\u00e9riaux qui sont le terreau de ce spectacle en construction : textes in\u00e9dits, textes c\u00e9l\u00e8bres, images, musiques, sons, chants, po\u00e8mes, archives, t\u00e9moignages, pour faire fiction des r\u00e9cits oubli\u00e9s, regarder le visage d\u2019une \u00ab contre-Histoire \u00bb et raconter enfin d\u2019autres mondes possibles. Car, comme le dit Marielle Mac\u00e9, \u00ab rien, d\u00e9cid\u00e9ment, ne nous oblige \u00e0 vivre comme \u00e7a \u00bb.<\/p>\n\n\n\n<figure class=\"wp-block-gallery columns-3 is-cropped\"><ul class=\"blocks-gallery-grid\"><li class=\"blocks-gallery-item\"><figure><img loading=\"lazy\" width=\"1024\" height=\"771\" src=\"https:\/\/unfestivalavillereal.org\/wp-content\/uploads\/2022\/10\/UFAV_001_DSF0374-1024x771.jpg\" alt=\"\" data-id=\"1788\" data-full-url=\"https:\/\/unfestivalavillereal.org\/wp-content\/uploads\/2022\/10\/UFAV_001_DSF0374.jpg\" data-link=\"https:\/\/unfestivalavillereal.org\/ufav_001_dsf0374\/\" class=\"wp-image-1788\" srcset=\"https:\/\/unfestivalavillereal.org\/wp-content\/uploads\/2022\/10\/UFAV_001_DSF0374-1024x771.jpg 1024w, https:\/\/unfestivalavillereal.org\/wp-content\/uploads\/2022\/10\/UFAV_001_DSF0374-300x226.jpg 300w, https:\/\/unfestivalavillereal.org\/wp-content\/uploads\/2022\/10\/UFAV_001_DSF0374-768x578.jpg 768w, https:\/\/unfestivalavillereal.org\/wp-content\/uploads\/2022\/10\/UFAV_001_DSF0374-1536x1156.jpg 1536w, https:\/\/unfestivalavillereal.org\/wp-content\/uploads\/2022\/10\/UFAV_001_DSF0374.jpg 2048w\" sizes=\"(max-width: 767px) 89vw, (max-width: 1000px) 54vw, (max-width: 1071px) 543px, 580px\" \/><\/figure><\/li><li class=\"blocks-gallery-item\"><figure><img loading=\"lazy\" width=\"1024\" height=\"771\" src=\"https:\/\/unfestivalavillereal.org\/wp-content\/uploads\/2022\/10\/UFAV_002_DSF0377-1024x771.jpg\" alt=\"\" data-id=\"1789\" data-full-url=\"https:\/\/unfestivalavillereal.org\/wp-content\/uploads\/2022\/10\/UFAV_002_DSF0377.jpg\" data-link=\"https:\/\/unfestivalavillereal.org\/ufav_002_dsf0377\/\" class=\"wp-image-1789\" srcset=\"https:\/\/unfestivalavillereal.org\/wp-content\/uploads\/2022\/10\/UFAV_002_DSF0377-1024x771.jpg 1024w, https:\/\/unfestivalavillereal.org\/wp-content\/uploads\/2022\/10\/UFAV_002_DSF0377-300x226.jpg 300w, https:\/\/unfestivalavillereal.org\/wp-content\/uploads\/2022\/10\/UFAV_002_DSF0377-768x578.jpg 768w, https:\/\/unfestivalavillereal.org\/wp-content\/uploads\/2022\/10\/UFAV_002_DSF0377-1536x1156.jpg 1536w, https:\/\/unfestivalavillereal.org\/wp-content\/uploads\/2022\/10\/UFAV_002_DSF0377.jpg 2048w\" sizes=\"(max-width: 767px) 89vw, (max-width: 1000px) 54vw, (max-width: 1071px) 543px, 580px\" \/><\/figure><\/li><li class=\"blocks-gallery-item\"><figure><img loading=\"lazy\" width=\"1024\" height=\"771\" src=\"https:\/\/unfestivalavillereal.org\/wp-content\/uploads\/2022\/10\/UFAV_003_DSF0381-1024x771.jpg\" alt=\"\" data-id=\"1790\" data-full-url=\"https:\/\/unfestivalavillereal.org\/wp-content\/uploads\/2022\/10\/UFAV_003_DSF0381.jpg\" data-link=\"https:\/\/unfestivalavillereal.org\/ufav_003_dsf0381\/\" class=\"wp-image-1790\" srcset=\"https:\/\/unfestivalavillereal.org\/wp-content\/uploads\/2022\/10\/UFAV_003_DSF0381-1024x771.jpg 1024w, https:\/\/unfestivalavillereal.org\/wp-content\/uploads\/2022\/10\/UFAV_003_DSF0381-300x226.jpg 300w, https:\/\/unfestivalavillereal.org\/wp-content\/uploads\/2022\/10\/UFAV_003_DSF0381-768x578.jpg 768w, https:\/\/unfestivalavillereal.org\/wp-content\/uploads\/2022\/10\/UFAV_003_DSF0381-1536x1156.jpg 1536w, https:\/\/unfestivalavillereal.org\/wp-content\/uploads\/2022\/10\/UFAV_003_DSF0381.jpg 2048w\" sizes=\"(max-width: 767px) 89vw, (max-width: 1000px) 54vw, (max-width: 1071px) 543px, 580px\" \/><\/figure><\/li><li class=\"blocks-gallery-item\"><figure><img loading=\"lazy\" width=\"1024\" height=\"771\" src=\"https:\/\/unfestivalavillereal.org\/wp-content\/uploads\/2022\/10\/UFAV_006_DSF0398-1024x771.jpg\" alt=\"\" data-id=\"1791\" data-full-url=\"https:\/\/unfestivalavillereal.org\/wp-content\/uploads\/2022\/10\/UFAV_006_DSF0398.jpg\" data-link=\"https:\/\/unfestivalavillereal.org\/ufav_006_dsf0398\/\" class=\"wp-image-1791\" srcset=\"https:\/\/unfestivalavillereal.org\/wp-content\/uploads\/2022\/10\/UFAV_006_DSF0398-1024x771.jpg 1024w, https:\/\/unfestivalavillereal.org\/wp-content\/uploads\/2022\/10\/UFAV_006_DSF0398-300x226.jpg 300w, https:\/\/unfestivalavillereal.org\/wp-content\/uploads\/2022\/10\/UFAV_006_DSF0398-768x578.jpg 768w, https:\/\/unfestivalavillereal.org\/wp-content\/uploads\/2022\/10\/UFAV_006_DSF0398-1536x1156.jpg 1536w, https:\/\/unfestivalavillereal.org\/wp-content\/uploads\/2022\/10\/UFAV_006_DSF0398.jpg 2048w\" sizes=\"(max-width: 767px) 89vw, (max-width: 1000px) 54vw, (max-width: 1071px) 543px, 580px\" \/><\/figure><\/li><li class=\"blocks-gallery-item\"><figure><img loading=\"lazy\" width=\"1024\" height=\"771\" src=\"https:\/\/unfestivalavillereal.org\/wp-content\/uploads\/2022\/10\/UFAV_011_DSF0435-1024x771.jpg\" alt=\"\" data-id=\"1792\" data-full-url=\"https:\/\/unfestivalavillereal.org\/wp-content\/uploads\/2022\/10\/UFAV_011_DSF0435.jpg\" data-link=\"https:\/\/unfestivalavillereal.org\/ufav_011_dsf0435\/\" class=\"wp-image-1792\" srcset=\"https:\/\/unfestivalavillereal.org\/wp-content\/uploads\/2022\/10\/UFAV_011_DSF0435-1024x771.jpg 1024w, https:\/\/unfestivalavillereal.org\/wp-content\/uploads\/2022\/10\/UFAV_011_DSF0435-300x226.jpg 300w, https:\/\/unfestivalavillereal.org\/wp-content\/uploads\/2022\/10\/UFAV_011_DSF0435-768x578.jpg 768w, https:\/\/unfestivalavillereal.org\/wp-content\/uploads\/2022\/10\/UFAV_011_DSF0435-1536x1156.jpg 1536w, https:\/\/unfestivalavillereal.org\/wp-content\/uploads\/2022\/10\/UFAV_011_DSF0435.jpg 2048w\" sizes=\"(max-width: 767px) 89vw, (max-width: 1000px) 54vw, (max-width: 1071px) 543px, 580px\" \/><\/figure><\/li><\/ul><figcaption class=\"blocks-gallery-caption\">\u00a9Team Lovebirds<\/figcaption><\/figure>\n","protected":false},"excerpt":{"rendered":"<p>De Jos\u00e9phine Serre&nbsp;avec Camille Durand-Tovar,&nbsp;Xavier Czapla et Jos\u00e9phine Serre Ce spectacle en cours de cr\u00e9ation s\u2019enfonce dans les for\u00eats et raconte les m\u00e9tamorphoses que celles-ci permettent : des volte-face, des r\u00e9v\u00e9lations tant \u00e0 l\u2019\u00e9chelle intime que collective. C\u2019est l\u00e0 le point commun (insoup\u00e7onnable au premier abord !) entre R\u00e9mi F. l\u2019\u00e9tudiant en botanique, Neil Armstrong, &hellip; <\/p>\n<p class=\"link-more\"><a href=\"https:\/\/unfestivalavillereal.org\/index.php\/mad-monde-a-defendre\/\" class=\"more-link\">Continuer la lecture<span class=\"screen-reader-text\"> de &laquo;&nbsp;MAD (Monde \u00e0 d\u00e9fendre)&nbsp;&raquo;<\/span><\/a><\/p>\n","protected":false},"author":1,"featured_media":0,"parent":0,"menu_order":0,"comment_status":"closed","ping_status":"closed","template":"","meta":[],"_links":{"self":[{"href":"https:\/\/unfestivalavillereal.org\/index.php\/wp-json\/wp\/v2\/pages\/1670"}],"collection":[{"href":"https:\/\/unfestivalavillereal.org\/index.php\/wp-json\/wp\/v2\/pages"}],"about":[{"href":"https:\/\/unfestivalavillereal.org\/index.php\/wp-json\/wp\/v2\/types\/page"}],"author":[{"embeddable":true,"href":"https:\/\/unfestivalavillereal.org\/index.php\/wp-json\/wp\/v2\/users\/1"}],"replies":[{"embeddable":true,"href":"https:\/\/unfestivalavillereal.org\/index.php\/wp-json\/wp\/v2\/comments?post=1670"}],"version-history":[{"count":2,"href":"https:\/\/unfestivalavillereal.org\/index.php\/wp-json\/wp\/v2\/pages\/1670\/revisions"}],"predecessor-version":[{"id":1813,"href":"https:\/\/unfestivalavillereal.org\/index.php\/wp-json\/wp\/v2\/pages\/1670\/revisions\/1813"}],"wp:attachment":[{"href":"https:\/\/unfestivalavillereal.org\/index.php\/wp-json\/wp\/v2\/media?parent=1670"}],"curies":[{"name":"wp","href":"https:\/\/api.w.org\/{rel}","templated":true}]}}