{"id":1672,"date":"2022-06-20T17:45:41","date_gmt":"2022-06-20T15:45:41","guid":{"rendered":"https:\/\/unfestivalavillereal.org\/?page_id=1672"},"modified":"2022-06-23T17:56:38","modified_gmt":"2022-06-23T15:56:38","slug":"matinee-jeux","status":"publish","type":"page","link":"https:\/\/unfestivalavillereal.org\/index.php\/matinee-jeux\/","title":{"rendered":"Matin\u00e9e jeux"},"content":{"rendered":"\n<p>avec la <strong>Ludoth\u00e8que d\u2019ECLATS&nbsp;<\/strong><br>par <strong>Emilie Randonnier<\/strong><\/p>\n\n\n\n<p>En lien avec la programmation du festival, la ludoth\u00e9que d&rsquo;Eclats s&rsquo;installe \u00e0 la billetterie. Retrouvez-y de nombreux jeux pour se retrouver entre petits et grands.&nbsp;<\/p>\n\n\n\n<p><strong>le 9 juillet de 10h \u00e0 12h30\u00a0<br>Sous la Halle de Viller\u00e9al\u00a0<\/strong><\/p>\n\n\n\n<p>GRATUIT<\/p>\n","protected":false},"excerpt":{"rendered":"<p>avec la Ludoth\u00e8que d\u2019ECLATS&nbsp;par Emilie Randonnier En lien avec la programmation du festival, la ludoth\u00e9que d&rsquo;Eclats s&rsquo;installe \u00e0 la billetterie. Retrouvez-y de nombreux jeux pour se retrouver entre petits et grands.&nbsp; le 9 juillet de 10h \u00e0 12h30\u00a0Sous la Halle de Viller\u00e9al\u00a0 GRATUIT<\/p>\n","protected":false},"author":1,"featured_media":0,"parent":0,"menu_order":0,"comment_status":"closed","ping_status":"closed","template":"","meta":[],"_links":{"self":[{"href":"https:\/\/unfestivalavillereal.org\/index.php\/wp-json\/wp\/v2\/pages\/1672"}],"collection":[{"href":"https:\/\/unfestivalavillereal.org\/index.php\/wp-json\/wp\/v2\/pages"}],"about":[{"href":"https:\/\/unfestivalavillereal.org\/index.php\/wp-json\/wp\/v2\/types\/page"}],"author":[{"embeddable":true,"href":"https:\/\/unfestivalavillereal.org\/index.php\/wp-json\/wp\/v2\/users\/1"}],"replies":[{"embeddable":true,"href":"https:\/\/unfestivalavillereal.org\/index.php\/wp-json\/wp\/v2\/comments?post=1672"}],"version-history":[{"count":2,"href":"https:\/\/unfestivalavillereal.org\/index.php\/wp-json\/wp\/v2\/pages\/1672\/revisions"}],"predecessor-version":[{"id":1704,"href":"https:\/\/unfestivalavillereal.org\/index.php\/wp-json\/wp\/v2\/pages\/1672\/revisions\/1704"}],"wp:attachment":[{"href":"https:\/\/unfestivalavillereal.org\/index.php\/wp-json\/wp\/v2\/media?parent=1672"}],"curies":[{"name":"wp","href":"https:\/\/api.w.org\/{rel}","templated":true}]}}