{"id":1952,"date":"2023-11-14T13:19:53","date_gmt":"2023-11-14T11:19:53","guid":{"rendered":"https:\/\/unfestivalavillereal.org\/?page_id=1952"},"modified":"2023-11-14T13:19:53","modified_gmt":"2023-11-14T11:19:53","slug":"le-voyage-de-la-goutte-deau","status":"publish","type":"page","link":"https:\/\/unfestivalavillereal.org\/index.php\/le-voyage-de-la-goutte-deau\/","title":{"rendered":"LE VOYAGE DE LA GOUTTE D&rsquo;EAU"},"content":{"rendered":"\n<p>Th\u00e9\u00e2tre musical et familial<\/p>\n\n\n\n<p>Rencontres musicales impromptues et \u00e9ph\u00e9m\u00e8res autour de la th\u00e9matique de l\u2019eau et du<br>spectacle en construction \u00ab Le voyage de la goutte d\u2019eau \u00bb.<br>4 r\u00e9p\u00e9titions ouvertes avec : un premier temps d\u2019\u00e9changes avec le public, de pratique<br>musicale et de d\u00e9couverte des instruments du monde puis un deuxi\u00e8me temps sur la<br>co-cr\u00e9ation du spectacle en utilisant les forces vives pr\u00e9sentes.<br>Le spectacle \u00e9voluera chaque jour du Festival et sera pr\u00e9sent\u00e9 dans sa version<br>\u201cavanc\u00e9e\u201d pour la derni\u00e8re repr\u00e9sentation sous la halle.<br><\/p>\n\n\n\n<p>Compagnie des 3 Tr\u00e9sors<br>\u00c9criture et jeu : Gyraf<\/p>\n","protected":false},"excerpt":{"rendered":"<p>Th\u00e9\u00e2tre musical et familial Rencontres musicales impromptues et \u00e9ph\u00e9m\u00e8res autour de la th\u00e9matique de l\u2019eau et duspectacle en construction \u00ab Le voyage de la goutte d\u2019eau \u00bb.4 r\u00e9p\u00e9titions ouvertes avec : un premier temps d\u2019\u00e9changes avec le public, de pratiquemusicale et de d\u00e9couverte des instruments du monde puis un deuxi\u00e8me temps sur laco-cr\u00e9ation du spectacle &hellip; <\/p>\n<p class=\"link-more\"><a href=\"https:\/\/unfestivalavillereal.org\/index.php\/le-voyage-de-la-goutte-deau\/\" class=\"more-link\">Continuer la lecture<span class=\"screen-reader-text\"> de &laquo;&nbsp;LE VOYAGE DE LA GOUTTE D&rsquo;EAU&nbsp;&raquo;<\/span><\/a><\/p>\n","protected":false},"author":1,"featured_media":0,"parent":0,"menu_order":0,"comment_status":"closed","ping_status":"closed","template":"","meta":[],"_links":{"self":[{"href":"https:\/\/unfestivalavillereal.org\/index.php\/wp-json\/wp\/v2\/pages\/1952"}],"collection":[{"href":"https:\/\/unfestivalavillereal.org\/index.php\/wp-json\/wp\/v2\/pages"}],"about":[{"href":"https:\/\/unfestivalavillereal.org\/index.php\/wp-json\/wp\/v2\/types\/page"}],"author":[{"embeddable":true,"href":"https:\/\/unfestivalavillereal.org\/index.php\/wp-json\/wp\/v2\/users\/1"}],"replies":[{"embeddable":true,"href":"https:\/\/unfestivalavillereal.org\/index.php\/wp-json\/wp\/v2\/comments?post=1952"}],"version-history":[{"count":1,"href":"https:\/\/unfestivalavillereal.org\/index.php\/wp-json\/wp\/v2\/pages\/1952\/revisions"}],"predecessor-version":[{"id":1953,"href":"https:\/\/unfestivalavillereal.org\/index.php\/wp-json\/wp\/v2\/pages\/1952\/revisions\/1953"}],"wp:attachment":[{"href":"https:\/\/unfestivalavillereal.org\/index.php\/wp-json\/wp\/v2\/media?parent=1952"}],"curies":[{"name":"wp","href":"https:\/\/api.w.org\/{rel}","templated":true}]}}