{"id":2054,"date":"2024-06-10T17:06:01","date_gmt":"2024-06-10T15:06:01","guid":{"rendered":"https:\/\/unfestivalavillereal.org\/?page_id=2054"},"modified":"2024-06-20T15:49:42","modified_gmt":"2024-06-20T13:49:42","slug":"duet","status":"publish","type":"page","link":"https:\/\/unfestivalavillereal.org\/index.php\/duet\/","title":{"rendered":"DUET"},"content":{"rendered":"\n<p><em>de la compagnie TORO TORO<\/em><br>Dur\u00e9e 1h15<\/p>\n\n\n\n<p><strong>Le 7, 8 et 9 juillet \u00e0 21h30<\/strong><\/p>\n\n\n\n<p>\u00ab Depuis longtemps nous voulions \u00e9crire un r\u00e9cit d\u2019amiti\u00e9.<br>Une amiti\u00e9 qui aurait la m\u00eame force romanesque qu\u2019une histoire d\u2019amour \u00bb  <br>Margot Alexandre et Nans Laborde-Jourd\u00e0a<\/p>\n\n\n\n<p>DUET est une fable contemporaine \u00e0 hauteur de guenon, qui se d\u00e9plie entre un parc animalier de la banlieue de Cincinnati, les coulisses de l\u2019Op\u00e9ra Garnier et le syst\u00e8me solaire. DUET, un espace de dialogue pour s\u2019inventer des histoires. Comme autant d\u2019\u00e9tudes sur le duo, le lien et les rapports de d\u00e9pendance entre les \u00eatres.<\/p>\n\n\n\n<p><em>22 novembre 1991. La nuit est tomb\u00e9e, \u00e9paisse, sur la banlieue lointaine de Cincinnati et plonge le chalet de Robert dans la p\u00e9nombre. L\u2019espace, fonctionnel, n\u2019a pas vraiment \u00e9t\u00e9 am\u00e9nag\u00e9, et on trouve encore, au d\u00e9tour d\u2019une \u00e9tag\u00e8re, les traces d\u2019anciens locataires. Robert a 34 ans, il a grandi en Californie o\u00f9 il a fait des \u00e9tudes au National Primate Research Center avant de rejoindre Allen et B\u00e9atrice Gardner dans leur centre \u00e0 quelques kilom\u00e8tres de l\u00e0. Il est devenu leur assistant et consacre une grande partie de son temps \u00e0 Zara, une jeune guenon \u00e0 qui le couple de primatologues souhaite apprendre la langue des signes. Robert est son r\u00e9f\u00e9rent, il enseigne au chimpanz\u00e9 des mots en ameSLAn (american sign language). Au fil des ann\u00e9es, ils deviennent une petite famille, indispensables l\u2019un pour l\u2019autre\u2026<\/em><\/p>\n\n\n\n<p>Jeu, mise en sc\u00e8ne et texte <strong>Margot Alexandre<\/strong> et <strong>Nans Laborde-Jourd\u00e0a<\/strong>, conception <strong>Nans Laborde-Jourd\u00e0a<\/strong>, collaboration artistique <strong>Leslie Bernard<\/strong>, sc\u00e9nographie <strong>Lucie Gautrain<\/strong>, cr\u00e9ation lumi\u00e8re <strong>C\u00e9sar Godefroy<\/strong>, cr\u00e9ation sonore et musique <strong>Samuel Favart Mikcha<\/strong>, costumes <strong>Pauline Kieffer<\/strong>, t\u00eates <strong>C\u00e9cile Kretschmar,<\/strong> travail zoomorphique <strong>Cyril Casm\u00e8ze &#8211; Jade &amp; Cyril Cie du Singe Debout<\/strong>, producteur d\u00e9l\u00e9gu\u00e9 <strong>Th\u00e9\u00e2tre national Bordeaux Aquitaine<\/strong>.<\/p>\n\n\n\n<p><strong>production<\/strong> TORO TORO, <strong>coproduction<\/strong> th\u00e9\u00e2tre Garonne \u2013 sc\u00e8ne europ\u00e9enne, Toulouse, CDDB-CDN Th\u00e9\u00e2tre de Lorient, La vie br\u00e8ve &#8211; Th\u00e9\u00e2tre de l\u2019Aquarium, Th\u00e9\u00e2tre de Vanves, Malraux Sc\u00e8ne nationale Chamb\u00e9ry Savoie, OARA \u2013 Office artistique de la R\u00e9gion Nouvelle-Aquitaine, <strong>avec le soutien<\/strong> du minist\u00e8re de la Culture et de la Communication \u2013 DRAC Nouvelle-Aquitaine, sc\u00e8ne nationale Sud-Aquitaine, Bayonne, la Maison Forte, Monbalen, Vous \u00eates ici &#8211; Un festival \u00e0 Viller\u00e9al, Atelier de Paris, CDCN<br><strong>ce projet a b\u00e9n\u00e9fici\u00e9 du dispositif d\u2019aide au compagnonnage<\/strong> du minist\u00e8re de la Culture avec l\u2019association DISPLAY\/Fanny de Chaill\u00e9<\/p>\n","protected":false},"excerpt":{"rendered":"<p>de la compagnie TORO TORODur\u00e9e 1h15 Le 7, 8 et 9 juillet \u00e0 21h30 \u00ab Depuis longtemps nous voulions \u00e9crire un r\u00e9cit d\u2019amiti\u00e9.Une amiti\u00e9 qui aurait la m\u00eame force romanesque qu\u2019une histoire d\u2019amour \u00bb Margot Alexandre et Nans Laborde-Jourd\u00e0a DUET est une fable contemporaine \u00e0 hauteur de guenon, qui se d\u00e9plie entre un parc animalier &hellip; <\/p>\n<p class=\"link-more\"><a href=\"https:\/\/unfestivalavillereal.org\/index.php\/duet\/\" class=\"more-link\">Continuer la lecture<span class=\"screen-reader-text\"> de &laquo;&nbsp;DUET&nbsp;&raquo;<\/span><\/a><\/p>\n","protected":false},"author":1,"featured_media":0,"parent":0,"menu_order":0,"comment_status":"closed","ping_status":"closed","template":"","meta":[],"_links":{"self":[{"href":"https:\/\/unfestivalavillereal.org\/index.php\/wp-json\/wp\/v2\/pages\/2054"}],"collection":[{"href":"https:\/\/unfestivalavillereal.org\/index.php\/wp-json\/wp\/v2\/pages"}],"about":[{"href":"https:\/\/unfestivalavillereal.org\/index.php\/wp-json\/wp\/v2\/types\/page"}],"author":[{"embeddable":true,"href":"https:\/\/unfestivalavillereal.org\/index.php\/wp-json\/wp\/v2\/users\/1"}],"replies":[{"embeddable":true,"href":"https:\/\/unfestivalavillereal.org\/index.php\/wp-json\/wp\/v2\/comments?post=2054"}],"version-history":[{"count":4,"href":"https:\/\/unfestivalavillereal.org\/index.php\/wp-json\/wp\/v2\/pages\/2054\/revisions"}],"predecessor-version":[{"id":2133,"href":"https:\/\/unfestivalavillereal.org\/index.php\/wp-json\/wp\/v2\/pages\/2054\/revisions\/2133"}],"wp:attachment":[{"href":"https:\/\/unfestivalavillereal.org\/index.php\/wp-json\/wp\/v2\/media?parent=2054"}],"curies":[{"name":"wp","href":"https:\/\/api.w.org\/{rel}","templated":true}]}}