{"id":525,"date":"2018-06-30T15:46:21","date_gmt":"2018-06-30T13:46:21","guid":{"rendered":"http:\/\/unfestivalavillereal.org\/?page_id=525"},"modified":"2018-12-03T20:01:31","modified_gmt":"2018-12-03T18:01:31","slug":"2010-2","status":"publish","type":"page","link":"https:\/\/unfestivalavillereal.org\/index.php\/2010-2\/","title":{"rendered":"2010"},"content":{"rendered":"<p><strong>CHACAL<\/strong><\/p>\n<p>De la Cie P\u00f4le Nord \/ jeu Lise Maussion, Damien Mongin et Guillaume Thermet<\/p>\n<figure class='gallery-item'>\n\t\t\t\t<a data-elementor-open-lightbox=\"default\" data-elementor-lightbox-slideshow=\"f8cdce1\" href='https:\/\/unfestivalavillereal.org\/wp-content\/uploads\/2018\/11\/2010_Chacal.png'><img loading=\"lazy\" width=\"150\" height=\"150\" src=\"https:\/\/unfestivalavillereal.org\/wp-content\/uploads\/2018\/11\/2010_Chacal-150x150.png\" alt=\"\" srcset=\"https:\/\/unfestivalavillereal.org\/wp-content\/uploads\/2018\/11\/2010_Chacal-150x150.png 150w, https:\/\/unfestivalavillereal.org\/wp-content\/uploads\/2018\/11\/2010_Chacal-100x100.png 100w\" sizes=\"100vw\" \/><\/a><br \/>\n\t\t\t<\/figure>\n<p><strong>L&rsquo;ART COURT APRES LE PAIN, ATTENTION IL T&rsquo;A MORDU LA JAMBE<\/strong><\/p>\n<p>De la Cie Bernardino \/ mise en sc\u00e8ne Adrien Lamande en collaboration avec Vincent Arot et Cl\u00e9mence Jeanguillaume \/ jeu Eric Jovencel, Fr\u00e9d\u00e9ric Lopez et Fr\u00e9d\u00e9ric Noaille \/ peinture et costumes Lucille Littot \/ cr\u00e9ation lumi\u00e8res Nicolas Tauveron<\/p>\n<figure class='gallery-item'>\n\t\t\t\t<a data-elementor-open-lightbox=\"default\" data-elementor-lightbox-slideshow=\"073a0c2\" href='https:\/\/unfestivalavillereal.org\/wp-content\/uploads\/2018\/11\/2010_Lart-court-apr\u00e8s-le-pain.png'><img loading=\"lazy\" width=\"150\" height=\"150\" src=\"https:\/\/unfestivalavillereal.org\/wp-content\/uploads\/2018\/11\/2010_Lart-court-apr\u00e8s-le-pain-150x150.png\" alt=\"\" srcset=\"https:\/\/unfestivalavillereal.org\/wp-content\/uploads\/2018\/11\/2010_Lart-court-apr\u00e8s-le-pain-150x150.png 150w, https:\/\/unfestivalavillereal.org\/wp-content\/uploads\/2018\/11\/2010_Lart-court-apr\u00e8s-le-pain-100x100.png 100w\" sizes=\"100vw\" \/><\/a><br \/>\n\t\t\t<\/figure>\n<p><strong>NOUS BRULONS<\/strong><\/p>\n<p>Du collectif La Vie Br\u00e8ve \/ mise en sc\u00e8ne Jeanne Candel \/ jeu Rapha\u00e8le Bouchard, Jeanne Candel, Charlotte Corman, Marie Dompnier, Lionel Dray, Sarah Le Picard, Laure Mathis, Hortense Monsaingeon, Juliette Navis-Bardin, Julien Villa \/ sc\u00e9nographie Lisa Navarro<\/p>\n<figure class='gallery-item'>\n\t\t\t\t<a data-elementor-open-lightbox=\"default\" data-elementor-lightbox-slideshow=\"f8cd65d\" href='https:\/\/unfestivalavillereal.org\/wp-content\/uploads\/2018\/11\/2010_Nous-br\u00fblons.png'><img loading=\"lazy\" width=\"150\" height=\"150\" src=\"https:\/\/unfestivalavillereal.org\/wp-content\/uploads\/2018\/11\/2010_Nous-br\u00fblons-150x150.png\" alt=\"\" srcset=\"https:\/\/unfestivalavillereal.org\/wp-content\/uploads\/2018\/11\/2010_Nous-br\u00fblons-150x150.png 150w, https:\/\/unfestivalavillereal.org\/wp-content\/uploads\/2018\/11\/2010_Nous-br\u00fblons-100x100.png 100w\" sizes=\"100vw\" \/><\/a><br \/>\n\t\t\t<\/figure>\n<figure class='gallery-item'>\n\t\t\t\t<a data-elementor-open-lightbox=\"default\" data-elementor-lightbox-slideshow=\"f8cd65d\" href='https:\/\/unfestivalavillereal.org\/wp-content\/uploads\/2018\/11\/2010_Nous-br\u00fblons_1.png'><img loading=\"lazy\" width=\"150\" height=\"150\" src=\"https:\/\/unfestivalavillereal.org\/wp-content\/uploads\/2018\/11\/2010_Nous-br\u00fblons_1-150x150.png\" alt=\"\" srcset=\"https:\/\/unfestivalavillereal.org\/wp-content\/uploads\/2018\/11\/2010_Nous-br\u00fblons_1-150x150.png 150w, https:\/\/unfestivalavillereal.org\/wp-content\/uploads\/2018\/11\/2010_Nous-br\u00fblons_1-100x100.png 100w\" sizes=\"100vw\" \/><\/a><br \/>\n\t\t\t<\/figure>\n<figure class='gallery-item'>\n\t\t\t\t<a data-elementor-open-lightbox=\"default\" data-elementor-lightbox-slideshow=\"f8cd65d\" href='https:\/\/unfestivalavillereal.org\/wp-content\/uploads\/2018\/11\/2010_Nous-br\u00fblons_2.png'><img loading=\"lazy\" width=\"150\" height=\"150\" src=\"https:\/\/unfestivalavillereal.org\/wp-content\/uploads\/2018\/11\/2010_Nous-br\u00fblons_2-150x150.png\" alt=\"\" srcset=\"https:\/\/unfestivalavillereal.org\/wp-content\/uploads\/2018\/11\/2010_Nous-br\u00fblons_2-150x150.png 150w, https:\/\/unfestivalavillereal.org\/wp-content\/uploads\/2018\/11\/2010_Nous-br\u00fblons_2-100x100.png 100w\" sizes=\"100vw\" \/><\/a><br \/>\n\t\t\t<\/figure>\n<figure class='gallery-item'>\n\t\t\t\t<a data-elementor-open-lightbox=\"default\" data-elementor-lightbox-slideshow=\"f8cd65d\" href='https:\/\/unfestivalavillereal.org\/wp-content\/uploads\/2018\/11\/2010_Nous-br\u00fblons_3.png'><img loading=\"lazy\" width=\"150\" height=\"150\" src=\"https:\/\/unfestivalavillereal.org\/wp-content\/uploads\/2018\/11\/2010_Nous-br\u00fblons_3-150x150.png\" alt=\"\" srcset=\"https:\/\/unfestivalavillereal.org\/wp-content\/uploads\/2018\/11\/2010_Nous-br\u00fblons_3-150x150.png 150w, https:\/\/unfestivalavillereal.org\/wp-content\/uploads\/2018\/11\/2010_Nous-br\u00fblons_3-100x100.png 100w\" sizes=\"100vw\" \/><\/a><br \/>\n\t\t\t<\/figure>\n<figure class='gallery-item'>\n\t\t\t\t<a data-elementor-open-lightbox=\"default\" data-elementor-lightbox-slideshow=\"f8cd65d\" href='https:\/\/unfestivalavillereal.org\/wp-content\/uploads\/2018\/11\/2010_Nous-br\u00fblons_4.png'><img loading=\"lazy\" width=\"150\" height=\"150\" src=\"https:\/\/unfestivalavillereal.org\/wp-content\/uploads\/2018\/11\/2010_Nous-br\u00fblons_4-150x150.png\" alt=\"\" srcset=\"https:\/\/unfestivalavillereal.org\/wp-content\/uploads\/2018\/11\/2010_Nous-br\u00fblons_4-150x150.png 150w, https:\/\/unfestivalavillereal.org\/wp-content\/uploads\/2018\/11\/2010_Nous-br\u00fblons_4-100x100.png 100w\" sizes=\"100vw\" \/><\/a><br \/>\n\t\t\t<\/figure>\n<p><strong>LE LAPIN<\/strong><\/p>\n<p>De la Cie P\u00f4le Nord \/ jeu Damien Mongin, Lise Maussion, Vincent Arot, Nicolas Giret-Famin, Ludivine Bluche<\/p>\n<figure class='gallery-item'>\n\t\t\t\t<a data-elementor-open-lightbox=\"default\" data-elementor-lightbox-slideshow=\"a9158ee\" href='https:\/\/unfestivalavillereal.org\/wp-content\/uploads\/2018\/11\/2010_Le-lapin.png'><img loading=\"lazy\" width=\"150\" height=\"150\" src=\"https:\/\/unfestivalavillereal.org\/wp-content\/uploads\/2018\/11\/2010_Le-lapin-150x150.png\" alt=\"\" srcset=\"https:\/\/unfestivalavillereal.org\/wp-content\/uploads\/2018\/11\/2010_Le-lapin-150x150.png 150w, https:\/\/unfestivalavillereal.org\/wp-content\/uploads\/2018\/11\/2010_Le-lapin-100x100.png 100w\" sizes=\"100vw\" \/><\/a><br \/>\n\t\t\t<\/figure>\n<figure class='gallery-item'>\n\t\t\t\t<a data-elementor-open-lightbox=\"default\" data-elementor-lightbox-slideshow=\"a9158ee\" href='https:\/\/unfestivalavillereal.org\/wp-content\/uploads\/2018\/11\/2010_Le-lapin_1.png'><img loading=\"lazy\" width=\"150\" height=\"150\" src=\"https:\/\/unfestivalavillereal.org\/wp-content\/uploads\/2018\/11\/2010_Le-lapin_1-150x150.png\" alt=\"\" srcset=\"https:\/\/unfestivalavillereal.org\/wp-content\/uploads\/2018\/11\/2010_Le-lapin_1-150x150.png 150w, https:\/\/unfestivalavillereal.org\/wp-content\/uploads\/2018\/11\/2010_Le-lapin_1-100x100.png 100w\" sizes=\"100vw\" \/><\/a><br \/>\n\t\t\t<\/figure>\n<figure class='gallery-item'>\n\t\t\t\t<a data-elementor-open-lightbox=\"default\" data-elementor-lightbox-slideshow=\"a9158ee\" href='https:\/\/unfestivalavillereal.org\/wp-content\/uploads\/2018\/11\/2010_Le-lapin_2.png'><img loading=\"lazy\" width=\"150\" height=\"150\" src=\"https:\/\/unfestivalavillereal.org\/wp-content\/uploads\/2018\/11\/2010_Le-lapin_2-150x150.png\" alt=\"\" srcset=\"https:\/\/unfestivalavillereal.org\/wp-content\/uploads\/2018\/11\/2010_Le-lapin_2-150x150.png 150w, https:\/\/unfestivalavillereal.org\/wp-content\/uploads\/2018\/11\/2010_Le-lapin_2-100x100.png 100w\" sizes=\"100vw\" \/><\/a><br \/>\n\t\t\t<\/figure>\n<figure class='gallery-item'>\n\t\t\t\t<a data-elementor-open-lightbox=\"default\" data-elementor-lightbox-slideshow=\"a9158ee\" href='https:\/\/unfestivalavillereal.org\/wp-content\/uploads\/2018\/11\/2010_Le-lapin_3.png'><img loading=\"lazy\" width=\"150\" height=\"150\" src=\"https:\/\/unfestivalavillereal.org\/wp-content\/uploads\/2018\/11\/2010_Le-lapin_3-150x150.png\" alt=\"\" srcset=\"https:\/\/unfestivalavillereal.org\/wp-content\/uploads\/2018\/11\/2010_Le-lapin_3-150x150.png 150w, https:\/\/unfestivalavillereal.org\/wp-content\/uploads\/2018\/11\/2010_Le-lapin_3-100x100.png 100w\" sizes=\"100vw\" \/><\/a><br \/>\n\t\t\t<\/figure>\n<p><strong>LE CONTE D&rsquo;HIVER<\/strong><\/p>\n<p>Traduction Michel Vittoz \/ mise en sc\u00e8ne Samuel Vittoz \/ jeu Jean-Baptiste Az\u00e9ma, Cl\u00e9ment Bresson, Olivier Desautel, Quentin Frankoual, Eric Jovencel, Nans Labord-Jourd\u00e0a, Nathalie Nell, Marianne T\u00e9ton, Valentine Vittoz, Samuel Vittoz<\/p>\n<figure class='gallery-item'>\n\t\t\t\t<a data-elementor-open-lightbox=\"default\" data-elementor-lightbox-slideshow=\"44b68ce\" href='https:\/\/unfestivalavillereal.org\/wp-content\/uploads\/2018\/11\/2010_Le-conte.png'><img loading=\"lazy\" width=\"150\" height=\"150\" src=\"https:\/\/unfestivalavillereal.org\/wp-content\/uploads\/2018\/11\/2010_Le-conte-150x150.png\" alt=\"\" srcset=\"https:\/\/unfestivalavillereal.org\/wp-content\/uploads\/2018\/11\/2010_Le-conte-150x150.png 150w, https:\/\/unfestivalavillereal.org\/wp-content\/uploads\/2018\/11\/2010_Le-conte-100x100.png 100w\" sizes=\"100vw\" \/><\/a><br \/>\n\t\t\t<\/figure>\n<figure class='gallery-item'>\n\t\t\t\t<a data-elementor-open-lightbox=\"default\" data-elementor-lightbox-slideshow=\"44b68ce\" href='https:\/\/unfestivalavillereal.org\/wp-content\/uploads\/2018\/11\/2010_Le-conte_1.png'><img loading=\"lazy\" width=\"150\" height=\"150\" src=\"https:\/\/unfestivalavillereal.org\/wp-content\/uploads\/2018\/11\/2010_Le-conte_1-150x150.png\" alt=\"\" srcset=\"https:\/\/unfestivalavillereal.org\/wp-content\/uploads\/2018\/11\/2010_Le-conte_1-150x150.png 150w, https:\/\/unfestivalavillereal.org\/wp-content\/uploads\/2018\/11\/2010_Le-conte_1-100x100.png 100w\" sizes=\"100vw\" \/><\/a><br \/>\n\t\t\t<\/figure>\n<figure class='gallery-item'>\n\t\t\t\t<a data-elementor-open-lightbox=\"default\" data-elementor-lightbox-slideshow=\"44b68ce\" href='https:\/\/unfestivalavillereal.org\/wp-content\/uploads\/2018\/11\/2010_Le-conte_2.png'><img loading=\"lazy\" width=\"150\" height=\"150\" src=\"https:\/\/unfestivalavillereal.org\/wp-content\/uploads\/2018\/11\/2010_Le-conte_2-150x150.png\" alt=\"\" srcset=\"https:\/\/unfestivalavillereal.org\/wp-content\/uploads\/2018\/11\/2010_Le-conte_2-150x150.png 150w, https:\/\/unfestivalavillereal.org\/wp-content\/uploads\/2018\/11\/2010_Le-conte_2-100x100.png 100w\" sizes=\"100vw\" \/><\/a><br \/>\n\t\t\t<\/figure>\n<p><strong>QUANTA OU LA TERRIBLE HISTOIRE DE LULU SCHRODINGER<\/strong><\/p>\n<p>De la Cie Scena Nostra \/ \u00e9criture et mise en sc\u00e8ne Julie Cordier \/ jeu J\u00e9r\u00f4me Domenge, Hortense Monsaingeon, Jan Peters, Jeanne Sicre, Elodie Vom Hofe<\/p>\n<figure class='gallery-item'>\n\t\t\t\t<a data-elementor-open-lightbox=\"default\" data-elementor-lightbox-slideshow=\"28f925b\" href='https:\/\/unfestivalavillereal.org\/wp-content\/uploads\/2018\/11\/2010_Quant_1.png'><img loading=\"lazy\" width=\"150\" height=\"113\" src=\"https:\/\/unfestivalavillereal.org\/wp-content\/uploads\/2018\/11\/2010_Quant_1-150x113.png\" alt=\"\" sizes=\"100vw\" \/><\/a><br \/>\n\t\t\t<\/figure>\n<p><strong>L&rsquo;INQUIETANTE RENCONTRE DE RUBBISH CLOWN ET DE DOLLY SMITH<\/strong><\/p>\n<p>Fr\u00e9d\u00e9ric Lopez et Barbara Weldens \/ concert suivi d&rsquo;un r\u00e9cital de piano par les com\u00e9diens du festival<\/p>\n<figure class='gallery-item'>\n\t\t\t\t<a data-elementor-open-lightbox=\"default\" data-elementor-lightbox-slideshow=\"a50cd0b\" href='https:\/\/unfestivalavillereal.org\/wp-content\/uploads\/2018\/11\/2010_Rubbish_1.png'><img loading=\"lazy\" width=\"150\" height=\"150\" src=\"https:\/\/unfestivalavillereal.org\/wp-content\/uploads\/2018\/11\/2010_Rubbish_1-150x150.png\" alt=\"\" srcset=\"https:\/\/unfestivalavillereal.org\/wp-content\/uploads\/2018\/11\/2010_Rubbish_1-150x150.png 150w, https:\/\/unfestivalavillereal.org\/wp-content\/uploads\/2018\/11\/2010_Rubbish_1-100x100.png 100w\" sizes=\"100vw\" \/><\/a><br \/>\n\t\t\t<\/figure>\n<figure class='gallery-item'>\n\t\t\t\t<a data-elementor-open-lightbox=\"default\" data-elementor-lightbox-slideshow=\"a50cd0b\" href='https:\/\/unfestivalavillereal.org\/wp-content\/uploads\/2018\/11\/2010_Rubbish_2.png'><img loading=\"lazy\" width=\"150\" height=\"150\" src=\"https:\/\/unfestivalavillereal.org\/wp-content\/uploads\/2018\/11\/2010_Rubbish_2-150x150.png\" alt=\"\" srcset=\"https:\/\/unfestivalavillereal.org\/wp-content\/uploads\/2018\/11\/2010_Rubbish_2-150x150.png 150w, https:\/\/unfestivalavillereal.org\/wp-content\/uploads\/2018\/11\/2010_Rubbish_2-100x100.png 100w\" sizes=\"100vw\" \/><\/a><br \/>\n\t\t\t<\/figure>\n<figure class='gallery-item'>\n\t\t\t\t<a data-elementor-open-lightbox=\"default\" data-elementor-lightbox-slideshow=\"a50cd0b\" href='https:\/\/unfestivalavillereal.org\/wp-content\/uploads\/2018\/11\/2010_Rubbish_3.png'><img loading=\"lazy\" width=\"150\" height=\"150\" src=\"https:\/\/unfestivalavillereal.org\/wp-content\/uploads\/2018\/11\/2010_Rubbish_3-150x150.png\" alt=\"\" srcset=\"https:\/\/unfestivalavillereal.org\/wp-content\/uploads\/2018\/11\/2010_Rubbish_3-150x150.png 150w, https:\/\/unfestivalavillereal.org\/wp-content\/uploads\/2018\/11\/2010_Rubbish_3-100x100.png 100w\" sizes=\"100vw\" \/><\/a><br \/>\n\t\t\t<\/figure>\n<figure class='gallery-item'>\n\t\t\t\t<a data-elementor-open-lightbox=\"default\" data-elementor-lightbox-slideshow=\"a50cd0b\" href='https:\/\/unfestivalavillereal.org\/wp-content\/uploads\/2018\/11\/2010_Rubbish_4.png'><img loading=\"lazy\" width=\"150\" height=\"150\" src=\"https:\/\/unfestivalavillereal.org\/wp-content\/uploads\/2018\/11\/2010_Rubbish_4-150x150.png\" alt=\"\" srcset=\"https:\/\/unfestivalavillereal.org\/wp-content\/uploads\/2018\/11\/2010_Rubbish_4-150x150.png 150w, https:\/\/unfestivalavillereal.org\/wp-content\/uploads\/2018\/11\/2010_Rubbish_4-100x100.png 100w\" sizes=\"100vw\" \/><\/a><br \/>\n\t\t\t<\/figure>\n","protected":false},"excerpt":{"rendered":"<p>CHACAL De la Cie P\u00f4le Nord \/ jeu Lise Maussion, Damien Mongin et Guillaume Thermet L&rsquo;ART COURT APRES LE PAIN, ATTENTION IL T&rsquo;A MORDU LA JAMBE De la Cie Bernardino \/ mise en sc\u00e8ne Adrien Lamande en collaboration avec Vincent Arot et Cl\u00e9mence Jeanguillaume \/ jeu Eric Jovencel, Fr\u00e9d\u00e9ric Lopez et Fr\u00e9d\u00e9ric Noaille \/ peinture &hellip; <\/p>\n<p class=\"link-more\"><a href=\"https:\/\/unfestivalavillereal.org\/index.php\/2010-2\/\" class=\"more-link\">Continuer la lecture<span class=\"screen-reader-text\"> de &laquo;&nbsp;2010&nbsp;&raquo;<\/span><\/a><\/p>\n","protected":false},"author":1,"featured_media":0,"parent":0,"menu_order":0,"comment_status":"closed","ping_status":"closed","template":"","meta":[],"_links":{"self":[{"href":"https:\/\/unfestivalavillereal.org\/index.php\/wp-json\/wp\/v2\/pages\/525"}],"collection":[{"href":"https:\/\/unfestivalavillereal.org\/index.php\/wp-json\/wp\/v2\/pages"}],"about":[{"href":"https:\/\/unfestivalavillereal.org\/index.php\/wp-json\/wp\/v2\/types\/page"}],"author":[{"embeddable":true,"href":"https:\/\/unfestivalavillereal.org\/index.php\/wp-json\/wp\/v2\/users\/1"}],"replies":[{"embeddable":true,"href":"https:\/\/unfestivalavillereal.org\/index.php\/wp-json\/wp\/v2\/comments?post=525"}],"version-history":[{"count":7,"href":"https:\/\/unfestivalavillereal.org\/index.php\/wp-json\/wp\/v2\/pages\/525\/revisions"}],"predecessor-version":[{"id":833,"href":"https:\/\/unfestivalavillereal.org\/index.php\/wp-json\/wp\/v2\/pages\/525\/revisions\/833"}],"wp:attachment":[{"href":"https:\/\/unfestivalavillereal.org\/index.php\/wp-json\/wp\/v2\/media?parent=525"}],"curies":[{"name":"wp","href":"https:\/\/api.w.org\/{rel}","templated":true}]}}